{"id":115,"date":"2022-08-31T00:42:14","date_gmt":"2022-08-30T22:42:14","guid":{"rendered":"http:\/\/asqporn.cluster030.hosting.ovh.net\/?page_id=115"},"modified":"2024-01-24T14:30:12","modified_gmt":"2024-01-24T13:30:12","slug":"balades-gourmandes","status":"publish","type":"page","link":"https:\/\/www.asqp.org\/?page_id=115","title":{"rendered":"Balades Gourmandes"},"content":{"rendered":"<div class=\"wp-block-image is-style-default\">\n<figure class=\"alignleft size-large is-resized\"><img loading=\"lazy\" decoding=\"async\" width=\"724\" height=\"1024\" src=\"https:\/\/www.asqp.org\/wp-content\/uploads\/2024\/01\/image-724x1024.png\" alt=\"\" class=\"wp-image-311\" style=\"width:403px;height:auto\" srcset=\"https:\/\/www.asqp.org\/wp-content\/uploads\/2024\/01\/image-724x1024.png 724w, https:\/\/www.asqp.org\/wp-content\/uploads\/2024\/01\/image-212x300.png 212w, https:\/\/www.asqp.org\/wp-content\/uploads\/2024\/01\/image-768x1087.png 768w, https:\/\/www.asqp.org\/wp-content\/uploads\/2024\/01\/image-1085x1536.png 1085w, https:\/\/www.asqp.org\/wp-content\/uploads\/2024\/01\/image.png 1322w\" sizes=\"auto, (max-width: 724px) 100vw, 724px\" \/><\/figure>\n<\/div>\n\n\n<p><\/p>\n\n\n\n<p class=\"has-neve-link-hover-color-color has-text-color has-link-color has-medium-font-size wp-elements-6a5adb3f25436234faa425bd83b5f6ce\">Depuis 2018, l\u2019ASQP organise des balades gourmandes dans le quartier Popincourt afin de mettre en avant les commerces de bouche du quartier. <\/p>\n\n\n\n<p class=\"has-neve-link-hover-color-color has-text-color has-link-color has-medium-font-size wp-elements-1cc8fe6584ea30fdb9f52e15e809a046\">\u00c0 gauche, l\u2019affiche de la premi\u00e8re balade gourmande de l\u2019ASQP le 7 juin 2018.<\/p>\n\n\n\n<p class=\"has-neve-link-hover-color-color has-text-color has-link-color has-medium-font-size wp-elements-2991adb5563796c6c4f93b86331dbc27\">Une balade gourmande consiste \u00e0 d\u00e9guster diff\u00e9rents plats dans plusieurs commerces du quartier. Les balades gourmandes de l\u2019ASQP vous feront d\u00e9couvrir trois commerces sur une p\u00e9riode de 1h30.<\/p>\n\n\n\n<p class=\"has-neve-link-hover-color-color has-text-color has-link-color has-medium-font-size wp-elements-0e51182b7b4a8429696a065de3974538\">L\u2019ASQP continue \u00e0 ce jour de programmer des balades gourmandes. Pour en savoir plus, veuillez contacter l\u2019ASQP ou abonnez vous au fil twitter ou facebook.<\/p>\n\n\n\n<hr class=\"wp-block-separator has-text-color has-nv-site-bg-color has-alpha-channel-opacity has-nv-site-bg-background-color has-background\"\/>\n\n\n\n<hr class=\"wp-block-separator has-text-color has-nv-site-bg-color has-alpha-channel-opacity has-nv-site-bg-background-color has-background\"\/>\n\n\n<div class=\"wp-block-image\">\n<figure class=\"alignleft size-full is-resized\"><img loading=\"lazy\" decoding=\"async\" width=\"960\" height=\"960\" src=\"https:\/\/www.asqp.org\/wp-content\/uploads\/2024\/01\/premiere-balade-gourmande-2.jpeg\" alt=\"\" class=\"wp-image-314\" style=\"width:464px;height:auto\" srcset=\"https:\/\/www.asqp.org\/wp-content\/uploads\/2024\/01\/premiere-balade-gourmande-2.jpeg 960w, https:\/\/www.asqp.org\/wp-content\/uploads\/2024\/01\/premiere-balade-gourmande-2-300x300.jpeg 300w, https:\/\/www.asqp.org\/wp-content\/uploads\/2024\/01\/premiere-balade-gourmande-2-150x150.jpeg 150w, https:\/\/www.asqp.org\/wp-content\/uploads\/2024\/01\/premiere-balade-gourmande-2-768x768.jpeg 768w\" sizes=\"auto, (max-width: 960px) 100vw, 960px\" \/><figcaption class=\"wp-element-caption\">Ci-contre, la premi\u00e8re balade gourmande de l\u2019ASQP chez la patisserie Emma Duv\u00e9r\u00e9 lors de son ouverture, le 7 juin 2018.<\/figcaption><\/figure>\n<\/div>\n\n<div class=\"wp-block-image\">\n<figure class=\"alignright size-large is-resized\"><img loading=\"lazy\" decoding=\"async\" width=\"1024\" height=\"768\" src=\"https:\/\/www.asqp.org\/wp-content\/uploads\/2024\/01\/F8TjptMWMAAqoS_-1024x768.jpeg\" alt=\"\" class=\"wp-image-321\" style=\"width:621px;height:auto\" srcset=\"https:\/\/www.asqp.org\/wp-content\/uploads\/2024\/01\/F8TjptMWMAAqoS_-1024x768.jpeg 1024w, https:\/\/www.asqp.org\/wp-content\/uploads\/2024\/01\/F8TjptMWMAAqoS_-300x225.jpeg 300w, https:\/\/www.asqp.org\/wp-content\/uploads\/2024\/01\/F8TjptMWMAAqoS_-768x576.jpeg 768w, https:\/\/www.asqp.org\/wp-content\/uploads\/2024\/01\/F8TjptMWMAAqoS_-1536x1152.jpeg 1536w, https:\/\/www.asqp.org\/wp-content\/uploads\/2024\/01\/F8TjptMWMAAqoS_.jpeg 2048w\" sizes=\"auto, (max-width: 1024px) 100vw, 1024px\" \/><figcaption class=\"wp-element-caption\">Ci-contre, Balade gourmande chez la patisserie Mie-Mie, le 13 octobre 2023.<\/figcaption><\/figure>\n<\/div>","protected":false},"excerpt":{"rendered":"<p>Depuis 2018, l\u2019ASQP organise des balades gourmandes dans le quartier Popincourt afin de mettre en avant les commerces de bouche du quartier. \u00c0 gauche, l\u2019affiche de la premi\u00e8re balade gourmande de l\u2019ASQP le 7 juin 2018. Une balade gourmande consiste \u00e0 d\u00e9guster diff\u00e9rents plats dans plusieurs commerces du quartier. Les balades gourmandes de l\u2019ASQP vous&hellip;&nbsp;<a href=\"https:\/\/www.asqp.org\/?page_id=115\" class=\"\" rel=\"bookmark\">Lire la suite &raquo;<span class=\"screen-reader-text\">Balades Gourmandes<\/span><\/a><\/p>\n","protected":false},"author":1,"featured_media":0,"parent":0,"menu_order":0,"comment_status":"closed","ping_status":"closed","template":"","meta":{"neve_meta_sidebar":"default","neve_meta_container":"default","neve_meta_enable_content_width":"","neve_meta_content_width":70,"neve_meta_title_alignment":"","neve_meta_author_avatar":"","neve_post_elements_order":"","neve_meta_disable_header":"","neve_meta_disable_footer":"","neve_meta_disable_title":"","footnotes":""},"class_list":["post-115","page","type-page","status-publish","hentry"],"yoast_head":"<!-- This site is optimized with the Yoast SEO plugin v21.4 - https:\/\/yoast.com\/wordpress\/plugins\/seo\/ -->\n<title>Agir Solidairement pour le Quartier Popincourt - Agir Solidairement pour le Quartier Popincourt<\/title>\n<meta name=\"description\" content=\"ASQP est une association de quartier situ\u00e9 \u00e0 Popincourt dans le 11\u00e8me arrondissement de Paris\" \/>\n<meta name=\"robots\" content=\"index, follow, max-snippet:-1, max-image-preview:large, max-video-preview:-1\" \/>\n<link rel=\"canonical\" href=\"https:\/\/www.asqp.org\/?page_id=115\" \/>\n<meta property=\"og:locale\" content=\"fr_FR\" \/>\n<meta property=\"og:type\" content=\"article\" \/>\n<meta property=\"og:title\" content=\"Agir Solidairement pour le Quartier Popincourt - Agir Solidairement pour le Quartier Popincourt\" \/>\n<meta property=\"og:description\" content=\"ASQP est une association de quartier situ\u00e9 \u00e0 Popincourt dans le 11\u00e8me arrondissement de Paris\" \/>\n<meta property=\"og:url\" content=\"https:\/\/www.asqp.org\/?page_id=115\" \/>\n<meta property=\"og:site_name\" content=\"Agir Solidairement pour le Quartier Popincourt\" \/>\n<meta property=\"article:publisher\" content=\"https:\/\/www.facebook.com\/ASQP75011\/\" \/>\n<meta property=\"article:modified_time\" content=\"2024-01-24T13:30:12+00:00\" \/>\n<meta property=\"og:image\" content=\"https:\/\/www.asqp.org\/wp-content\/uploads\/2024\/01\/image-724x1024.png\" \/>\n<meta name=\"twitter:card\" content=\"summary_large_image\" \/>\n<meta name=\"twitter:label1\" content=\"Dur\u00e9e de lecture estim\u00e9e\" \/>\n\t<meta name=\"twitter:data1\" content=\"2 minutes\" \/>\n<script type=\"application\/ld+json\" class=\"yoast-schema-graph\">{\"@context\":\"https:\/\/schema.org\",\"@graph\":[{\"@type\":\"WebPage\",\"@id\":\"https:\/\/www.asqp.org\/?page_id=115\",\"url\":\"https:\/\/www.asqp.org\/?page_id=115\",\"name\":\"Agir Solidairement pour le Quartier Popincourt - Agir Solidairement pour le Quartier Popincourt\",\"isPartOf\":{\"@id\":\"https:\/\/www.asqp.org\/#website\"},\"datePublished\":\"2022-08-30T22:42:14+00:00\",\"dateModified\":\"2024-01-24T13:30:12+00:00\",\"description\":\"ASQP est une association de quartier situ\u00e9 \u00e0 Popincourt dans le 11\u00e8me arrondissement de Paris\",\"breadcrumb\":{\"@id\":\"https:\/\/www.asqp.org\/?page_id=115#breadcrumb\"},\"inLanguage\":\"fr-FR\",\"potentialAction\":[{\"@type\":\"ReadAction\",\"target\":[\"https:\/\/www.asqp.org\/?page_id=115\"]}]},{\"@type\":\"BreadcrumbList\",\"@id\":\"https:\/\/www.asqp.org\/?page_id=115#breadcrumb\",\"itemListElement\":[{\"@type\":\"ListItem\",\"position\":1,\"name\":\"Accueil\",\"item\":\"https:\/\/www.asqp.org\/\"},{\"@type\":\"ListItem\",\"position\":2,\"name\":\"Balades Gourmandes\"}]},{\"@type\":\"WebSite\",\"@id\":\"https:\/\/www.asqp.org\/#website\",\"url\":\"https:\/\/www.asqp.org\/\",\"name\":\"Agir Solidairement pour le Quartier Popincourt\",\"description\":\"ASQP est une association de quartier situ\u00e9 \u00e0 Popincourt dans le 11\u00e8me arrondissement de Paris\",\"publisher\":{\"@id\":\"https:\/\/www.asqp.org\/#organization\"},\"potentialAction\":[{\"@type\":\"SearchAction\",\"target\":{\"@type\":\"EntryPoint\",\"urlTemplate\":\"https:\/\/www.asqp.org\/?s={search_term_string}\"},\"query-input\":\"required name=search_term_string\"}],\"inLanguage\":\"fr-FR\"},{\"@type\":\"Organization\",\"@id\":\"https:\/\/www.asqp.org\/#organization\",\"name\":\"Agir Solidairement pour le Quartier Popincourt\",\"url\":\"https:\/\/www.asqp.org\/\",\"logo\":{\"@type\":\"ImageObject\",\"inLanguage\":\"fr-FR\",\"@id\":\"https:\/\/www.asqp.org\/#\/schema\/logo\/image\/\",\"url\":\"https:\/\/www.asqp.org\/wp-content\/uploads\/2022\/08\/cropped-logoasqp2019_OK.png\",\"contentUrl\":\"https:\/\/www.asqp.org\/wp-content\/uploads\/2022\/08\/cropped-logoasqp2019_OK.png\",\"width\":1821,\"height\":1638,\"caption\":\"Agir Solidairement pour le Quartier Popincourt\"},\"image\":{\"@id\":\"https:\/\/www.asqp.org\/#\/schema\/logo\/image\/\"},\"sameAs\":[\"https:\/\/www.facebook.com\/ASQP75011\/\"]}]}<\/script>\n<!-- \/ Yoast SEO plugin. -->","yoast_head_json":{"title":"Agir Solidairement pour le Quartier Popincourt - Agir Solidairement pour le Quartier Popincourt","description":"ASQP est une association de quartier situ\u00e9 \u00e0 Popincourt dans le 11\u00e8me arrondissement de Paris","robots":{"index":"index","follow":"follow","max-snippet":"max-snippet:-1","max-image-preview":"max-image-preview:large","max-video-preview":"max-video-preview:-1"},"canonical":"https:\/\/www.asqp.org\/?page_id=115","og_locale":"fr_FR","og_type":"article","og_title":"Agir Solidairement pour le Quartier Popincourt - Agir Solidairement pour le Quartier Popincourt","og_description":"ASQP est une association de quartier situ\u00e9 \u00e0 Popincourt dans le 11\u00e8me arrondissement de Paris","og_url":"https:\/\/www.asqp.org\/?page_id=115","og_site_name":"Agir Solidairement pour le Quartier Popincourt","article_publisher":"https:\/\/www.facebook.com\/ASQP75011\/","article_modified_time":"2024-01-24T13:30:12+00:00","og_image":[{"url":"https:\/\/www.asqp.org\/wp-content\/uploads\/2024\/01\/image-724x1024.png"}],"twitter_card":"summary_large_image","twitter_misc":{"Dur\u00e9e de lecture estim\u00e9e":"2 minutes"},"schema":{"@context":"https:\/\/schema.org","@graph":[{"@type":"WebPage","@id":"https:\/\/www.asqp.org\/?page_id=115","url":"https:\/\/www.asqp.org\/?page_id=115","name":"Agir Solidairement pour le Quartier Popincourt - Agir Solidairement pour le Quartier Popincourt","isPartOf":{"@id":"https:\/\/www.asqp.org\/#website"},"datePublished":"2022-08-30T22:42:14+00:00","dateModified":"2024-01-24T13:30:12+00:00","description":"ASQP est une association de quartier situ\u00e9 \u00e0 Popincourt dans le 11\u00e8me arrondissement de Paris","breadcrumb":{"@id":"https:\/\/www.asqp.org\/?page_id=115#breadcrumb"},"inLanguage":"fr-FR","potentialAction":[{"@type":"ReadAction","target":["https:\/\/www.asqp.org\/?page_id=115"]}]},{"@type":"BreadcrumbList","@id":"https:\/\/www.asqp.org\/?page_id=115#breadcrumb","itemListElement":[{"@type":"ListItem","position":1,"name":"Accueil","item":"https:\/\/www.asqp.org\/"},{"@type":"ListItem","position":2,"name":"Balades Gourmandes"}]},{"@type":"WebSite","@id":"https:\/\/www.asqp.org\/#website","url":"https:\/\/www.asqp.org\/","name":"Agir Solidairement pour le Quartier Popincourt","description":"ASQP est une association de quartier situ\u00e9 \u00e0 Popincourt dans le 11\u00e8me arrondissement de Paris","publisher":{"@id":"https:\/\/www.asqp.org\/#organization"},"potentialAction":[{"@type":"SearchAction","target":{"@type":"EntryPoint","urlTemplate":"https:\/\/www.asqp.org\/?s={search_term_string}"},"query-input":"required name=search_term_string"}],"inLanguage":"fr-FR"},{"@type":"Organization","@id":"https:\/\/www.asqp.org\/#organization","name":"Agir Solidairement pour le Quartier Popincourt","url":"https:\/\/www.asqp.org\/","logo":{"@type":"ImageObject","inLanguage":"fr-FR","@id":"https:\/\/www.asqp.org\/#\/schema\/logo\/image\/","url":"https:\/\/www.asqp.org\/wp-content\/uploads\/2022\/08\/cropped-logoasqp2019_OK.png","contentUrl":"https:\/\/www.asqp.org\/wp-content\/uploads\/2022\/08\/cropped-logoasqp2019_OK.png","width":1821,"height":1638,"caption":"Agir Solidairement pour le Quartier Popincourt"},"image":{"@id":"https:\/\/www.asqp.org\/#\/schema\/logo\/image\/"},"sameAs":["https:\/\/www.facebook.com\/ASQP75011\/"]}]}},"_links":{"self":[{"href":"https:\/\/www.asqp.org\/index.php?rest_route=\/wp\/v2\/pages\/115","targetHints":{"allow":["GET"]}}],"collection":[{"href":"https:\/\/www.asqp.org\/index.php?rest_route=\/wp\/v2\/pages"}],"about":[{"href":"https:\/\/www.asqp.org\/index.php?rest_route=\/wp\/v2\/types\/page"}],"author":[{"embeddable":true,"href":"https:\/\/www.asqp.org\/index.php?rest_route=\/wp\/v2\/users\/1"}],"replies":[{"embeddable":true,"href":"https:\/\/www.asqp.org\/index.php?rest_route=%2Fwp%2Fv2%2Fcomments&post=115"}],"version-history":[{"count":8,"href":"https:\/\/www.asqp.org\/index.php?rest_route=\/wp\/v2\/pages\/115\/revisions"}],"predecessor-version":[{"id":440,"href":"https:\/\/www.asqp.org\/index.php?rest_route=\/wp\/v2\/pages\/115\/revisions\/440"}],"wp:attachment":[{"href":"https:\/\/www.asqp.org\/index.php?rest_route=%2Fwp%2Fv2%2Fmedia&parent=115"}],"curies":[{"name":"wp","href":"https:\/\/api.w.org\/{rel}","templated":true}]}}

<div class="wp-block-image is-style-default">
<figure class="alignleft size-large is-resized"><img loading="lazy" decoding="async" width="724" height="1024" src="https://www.asqp.org/wp-content/uploads/2024/01/image-724x1024.png" alt="" class="wp-image-311" style="width:403px;height:auto" srcset="https://www.asqp.org/wp-content/uploads/2024/01/image-724x1024.png 724w, https://www.asqp.org/wp-content/uploads/2024/01/image-212x300.png 212w, https://www.asqp.org/wp-content/uploads/2024/01/image-768x1087.png 768w, https://www.asqp.org/wp-content/uploads/2024/01/image-1085x1536.png 1085w, https://www.asqp.org/wp-content/uploads/2024/01/image.png 1322w" sizes="auto, (max-width: 724px) 100vw, 724px" /></figure>
</div>


<p></p>



<p class="has-neve-link-hover-color-color has-text-color has-link-color has-medium-font-size wp-elements-6a5adb3f25436234faa425bd83b5f6ce">Depuis 2018, l’ASQP organise des balades gourmandes dans le quartier Popincourt afin de mettre en avant les commerces de bouche du quartier. </p>



<p class="has-neve-link-hover-color-color has-text-color has-link-color has-medium-font-size wp-elements-1cc8fe6584ea30fdb9f52e15e809a046">À gauche, l’affiche de la première balade gourmande de l’ASQP le 7 juin 2018.</p>



<p class="has-neve-link-hover-color-color has-text-color has-link-color has-medium-font-size wp-elements-2991adb5563796c6c4f93b86331dbc27">Une balade gourmande consiste à déguster différents plats dans plusieurs commerces du quartier. Les balades gourmandes de l’ASQP vous feront découvrir trois commerces sur une période de 1h30.</p>



<p class="has-neve-link-hover-color-color has-text-color has-link-color has-medium-font-size wp-elements-0e51182b7b4a8429696a065de3974538">L’ASQP continue à ce jour de programmer des balades gourmandes. Pour en savoir plus, veuillez contacter l’ASQP ou abonnez vous au fil twitter ou facebook.</p>



<hr class="wp-block-separator has-text-color has-nv-site-bg-color has-alpha-channel-opacity has-nv-site-bg-background-color has-background"/>



<hr class="wp-block-separator has-text-color has-nv-site-bg-color has-alpha-channel-opacity has-nv-site-bg-background-color has-background"/>


<div class="wp-block-image">
<figure class="alignleft size-full is-resized"><img loading="lazy" decoding="async" width="960" height="960" src="https://www.asqp.org/wp-content/uploads/2024/01/premiere-balade-gourmande-2.jpeg" alt="" class="wp-image-314" style="width:464px;height:auto" srcset="https://www.asqp.org/wp-content/uploads/2024/01/premiere-balade-gourmande-2.jpeg 960w, https://www.asqp.org/wp-content/uploads/2024/01/premiere-balade-gourmande-2-300x300.jpeg 300w, https://www.asqp.org/wp-content/uploads/2024/01/premiere-balade-gourmande-2-150x150.jpeg 150w, https://www.asqp.org/wp-content/uploads/2024/01/premiere-balade-gourmande-2-768x768.jpeg 768w" sizes="auto, (max-width: 960px) 100vw, 960px" /><figcaption class="wp-element-caption">Ci-contre, la première balade gourmande de l’ASQP chez la patisserie Emma Duvéré lors de son ouverture, le 7 juin 2018.</figcaption></figure>
</div>

<div class="wp-block-image">
<figure class="alignright size-large is-resized"><img loading="lazy" decoding="async" width="1024" height="768" src="https://www.asqp.org/wp-content/uploads/2024/01/F8TjptMWMAAqoS_-1024x768.jpeg" alt="" class="wp-image-321" style="width:621px;height:auto" srcset="https://www.asqp.org/wp-content/uploads/2024/01/F8TjptMWMAAqoS_-1024x768.jpeg 1024w, https://www.asqp.org/wp-content/uploads/2024/01/F8TjptMWMAAqoS_-300x225.jpeg 300w, https://www.asqp.org/wp-content/uploads/2024/01/F8TjptMWMAAqoS_-768x576.jpeg 768w, https://www.asqp.org/wp-content/uploads/2024/01/F8TjptMWMAAqoS_-1536x1152.jpeg 1536w, https://www.asqp.org/wp-content/uploads/2024/01/F8TjptMWMAAqoS_.jpeg 2048w" sizes="auto, (max-width: 1024px) 100vw, 1024px" /><figcaption class="wp-element-caption">Ci-contre, Balade gourmande chez la patisserie Mie-Mie, le 13 octobre 2023.</figcaption></figure>
</div>

<p>Depuis 2018, l’ASQP organise des balades gourmandes dans le quartier Popincourt afin de mettre en avant les commerces de bouche du quartier. À gauche, l’affiche de la première balade gourmande de l’ASQP le 7 juin 2018. Une balade gourmande consiste à déguster différents plats dans plusieurs commerces du quartier. Les balades gourmandes de l’ASQP vous&hellip;&nbsp;<a href="https://www.asqp.org/?page_id=115" class="" rel="bookmark">Lire la suite &raquo;<span class="screen-reader-text">Balades Gourmandes</span></a></p>

<!-- This site is optimized with the Yoast SEO plugin v21.4 - https://yoast.com/wordpress/plugins/seo/ -->
<title>Agir Solidairement pour le Quartier Popincourt - Agir Solidairement pour le Quartier Popincourt</title>
<meta name="description" content="ASQP est une association de quartier situé à Popincourt dans le 11ème arrondissement de Paris" />
<meta name="robots" content="index, follow, max-snippet:-1, max-image-preview:large, max-video-preview:-1" />
<link rel="canonical" href="https://www.asqp.org/?page_id=115" />
<meta property="og:locale" content="fr_FR" />
<meta property="og:type" content="article" />
<meta property="og:title" content="Agir Solidairement pour le Quartier Popincourt - Agir Solidairement pour le Quartier Popincourt" />
<meta property="og:description" content="ASQP est une association de quartier situé à Popincourt dans le 11ème arrondissement de Paris" />
<meta property="og:url" content="https://www.asqp.org/?page_id=115" />
<meta property="og:site_name" content="Agir Solidairement pour le Quartier Popincourt" />
<meta property="article:publisher" content="https://www.facebook.com/ASQP75011/" />
<meta property="article:modified_time" content="2024-01-24T13:30:12+00:00" />
<meta property="og:image" content="https://www.asqp.org/wp-content/uploads/2024/01/image-724x1024.png" />
<meta name="twitter:card" content="summary_large_image" />
<meta name="twitter:label1" content="Durée de lecture estimée" />
	<meta name="twitter:data1" content="2 minutes" />
<script type="application/ld+json" class="yoast-schema-graph">{"@context":"https://schema.org","@graph":[{"@type":"WebPage","@id":"https://www.asqp.org/?page_id=115","url":"https://www.asqp.org/?page_id=115","name":"Agir Solidairement pour le Quartier Popincourt - Agir Solidairement pour le Quartier Popincourt","isPartOf":{"@id":"https://www.asqp.org/#website"},"datePublished":"2022-08-30T22:42:14+00:00","dateModified":"2024-01-24T13:30:12+00:00","description":"ASQP est une association de quartier situé à Popincourt dans le 11ème arrondissement de Paris","breadcrumb":{"@id":"https://www.asqp.org/?page_id=115#breadcrumb"},"inLanguage":"fr-FR","potentialAction":[{"@type":"ReadAction","target":["https://www.asqp.org/?page_id=115"]}]},{"@type":"BreadcrumbList","@id":"https://www.asqp.org/?page_id=115#breadcrumb","itemListElement":[{"@type":"ListItem","position":1,"name":"Accueil","item":"https://www.asqp.org/"},{"@type":"ListItem","position":2,"name":"Balades Gourmandes"}]},{"@type":"WebSite","@id":"https://www.asqp.org/#website","url":"https://www.asqp.org/","name":"Agir Solidairement pour le Quartier Popincourt","description":"ASQP est une association de quartier situé à Popincourt dans le 11ème arrondissement de Paris","publisher":{"@id":"https://www.asqp.org/#organization"},"potentialAction":[{"@type":"SearchAction","target":{"@type":"EntryPoint","urlTemplate":"https://www.asqp.org/?s={search_term_string}"},"query-input":"required name=search_term_string"}],"inLanguage":"fr-FR"},{"@type":"Organization","@id":"https://www.asqp.org/#organization","name":"Agir Solidairement pour le Quartier Popincourt","url":"https://www.asqp.org/","logo":{"@type":"ImageObject","inLanguage":"fr-FR","@id":"https://www.asqp.org/#/schema/logo/image/","url":"https://www.asqp.org/wp-content/uploads/2022/08/cropped-logoasqp2019_OK.png","contentUrl":"https://www.asqp.org/wp-content/uploads/2022/08/cropped-logoasqp2019_OK.png","width":1821,"height":1638,"caption":"Agir Solidairement pour le Quartier Popincourt"},"image":{"@id":"https://www.asqp.org/#/schema/logo/image/"},"sameAs":["https://www.facebook.com/ASQP75011/"]}]}</script>
<!-- / Yoast SEO plugin. -->

ASQP est une association de quartier situé à Popincourt dans le 11ème arrondissement de Paris
